y(-6). What is the greatest common divisor of 14 and l?
14
Let o be (-15)/(-2)*(-56)/(-10). Let t = -15 + 22. What is the greatest common factor of o and t?
7
Let q(t) = t**2 + 8*t - 11. Let r be q(-11). Calculate the greatest common divisor of 2 and r.
2
Let o = 54 + -36. Calculate the highest common divisor of o and 12.
6
Suppose 3*k - 28 = -4*k. What is the greatest common divisor of k and 16?
4
Let k = 14 - 2. Calculate the highest common factor of 108 and k.
12
Let v be 4/10 - 56/(-35). What is the greatest common divisor of 14 and v?
2
Suppose -4*o - 8 = -3*o + 2*p, 5*o = -p + 5. What is the greatest common divisor of o and 44?
2
Let w be 1/(((-1)/18)/(-1)). Suppose -5*n + 32 = -3*o, -2*o = n - 6*n + 28. Let u be 3/o + 102/8. What is the highest common divisor of u and w?
6
Let o be 6 + (-1 + 4 - 2). Let k be (7/3)/((-10)/(-60)). What is the greatest common divisor of k and o?
7
Let w(n) = 2*n + 23. Let z be w(-5). Suppose 65 = 8*y - 3*y. What is the highest common divisor of z and y?
13
Let m(w) = -21*w + 48*w - 14 - 22*w. Let p be m(9). Calculate the greatest common factor of 31 and p.
31
Let z = 253 + -66. Let g = -65 + z. Let y be (2 - g)/(-3) + 0. What is the highest common factor of 16 and y?
8
Let t = -17 + 17. Let l = 8 - t. Calculate the greatest common divisor of l and 88.
8
Suppose -41 - 15 = -w + 2*x, 5*x + 59 = w. Let m = -36 + w. Calculate the greatest common divisor of m and 54.
18
Let x = 12 + -17. Let f be (-87)/(-2) - x/10. What is the highest common factor of 11 and f?
11
Suppose 2*y + 240 = 7*y. Calculate the highest common factor of 6 and y.
6
Let h be ((3 - 2) + 2)/1. Suppose 0 = -4*y + h*a + 16, 4*y + 4*a + 13 = y. Calculate the highest common factor of 1 and y.
1
Let b(h) = h**3 + 8*h**2 - h - 3. Let m be b(-8). Suppose -2*a + g = -32, 0 = m*a + 4*g - 131 + 51. Calculate the highest common factor of 48 and a.
16
Let j be 18/81 - 2572*1/(-9). What is the highest common divisor of j and 26?
26
Let y(r) = 23*r**3 - 2*r**2 + 2*r - 1. Let h be y(1). Let n(x) = 4*x**2 - 6*x + 4. Let v be n(-7). Calculate the greatest common factor of v and h.
22
Let m(b) = b**3 + 5*b**2 - 6*b + 8. Suppose 3*x + 7 = -11. Let o be m(x). Calculate the greatest common factor of o and 88.
8
Let k(z) = -3*z**3 + z**2 - 4*z. Suppose -2*f + d - 12 = -0*d, d - 4 = 0. Let v be k(f). Calculate the highest common divisor of 28 and v.
28
Let y = 203 - 115. What is the greatest common divisor of 16 and y?
8
Let p(l) = -2*l - 4. Let b be p(-5). Let m be (6/(-5))/(b/(-40)). Calculate the greatest common divisor of m and 12.
4
Let s be 4/4 - (-2)/2. Suppose 0 = -b + 3, -b = 2*q - 0*q - 39. What is the greatest common divisor of q and s?
2
Let t = -55 - -91. Let j(r) = 2*r**3 - 2*r**2 + r. Let u be j(3). Let p = u + -15. What is the highest common factor of p and t?
12
Suppose -j - 2*m = 3*m + 8, -2*m + 16 = 2*j. Calculate the highest common divisor of j and 132.
12
Let y = 215 - 170. What is the highest common divisor of 9 and y?
9
Suppose 18 = 3*q - o - 2*o, -2*q + o = -16. Let i = 2 + -19. Let n = -7 - i. Calculate the greatest common factor of q and n.
10
Let w = 6 + -3. Suppose -180 = -5*o + o. Suppose f + 4*f = o. Calculate the highest common divisor of w and f.
3
Let z be (0 + -2)*13/(-2). Let d(n) = n**2 - n + 1. Let p be d(-3). What is the greatest common divisor of z and p?
13
Let r = -2 + 18. Suppose 4*i - 120 = -r. Suppose n - 70 = -5*d, -d - 5*n = -n - 33. Calculate the greatest common factor of i and d.
13
Let l(c) = 2*c**3 - 4*c**2 + 4*c - 1. Let m be l(2). Calculate the highest common factor of 56 and m.
7
Suppose -3*o + 5*c + 106 = 0, 0 = 2*o + 2*c - 4*c - 68. What is the highest common divisor of o and 80?
16
Suppose -s + 6*s = 10. Let d be (1 - -3) + 2/s. Suppose d*m - 409 = 311. What is the greatest common factor of 18 and m?
18
Let g = 193 - 163. Calculate the highest common factor of g and 40.
10
Let h = -15 + 17. Suppose 3*p + 13 = i - 1, -4*i = -p - 12. What is the greatest common factor of h and i?
2
Suppose q = -3*q. Suppose 4*i - 26 = 3*i - 2*c, q = i - 5*c + 9. Let d be 4/6*6*1. Calculate the highest common factor of d and i.
4
Let z be 340/14 - 32/112. Let d be (-2)/(-8) + 73/(-4). Let h = 26 + d. What is the highest common factor of z and h?
8
Let b be (-6)/(-18) + (-11)/(-3). Let j = b + -3. Let f be (-12)/8*(-1 - j). What is the greatest common divisor of 1 and f?
1
Let n be ((-3)/2)/(3/4). Let l = n - -5. Let p(f) = f**2 - 2*f + 4. Let q be p(l). Calculate the greatest common factor of q and 56.
7
Let g(q) = -10*q + 1. Let i = 3 - 4. Let s be g(i). Calculate the highest common factor of 1 and s.
1
Let x(s) be the first derivative of s**4/4 + s**2 - s - 1. Let i be x(1). Suppose i*y + 0*y - 36 = 0. Calculate the greatest common divisor of y and 6.
6
Suppose 2*h - 38 = 4*j, -h + 2*j - 131 = -6*h. Suppose -4*r = 0, 5*r + 0*r = 3*w - 600. What is the highest common divisor of h and w?
25
Suppose -4*u - 38 = -2*j, -j + u = -4 - 13. What is the highest common divisor of 60 and j?
15
Suppose -w - 4 = -4*z, 2*w = 6*w - 5*z - 39. What is the greatest common factor of w and 144?
16
Suppose 0*j = 4*j - 72. Suppose 2*z - 3*p - 28 = 2*p, -3*p - 8 = z. Suppose 2*s = z*s - 18. What is the highest common factor of j and s?
9
Let t(j) = -7*j - 12. Let h be t(-11). What is the greatest common divisor of 26 and h?
13
Let f be 12*2 + -1 + 2. Suppose 3*q - 8 - f = 0. What is the highest common divisor of 44 and q?
11
Let t(v) = -v**3 - v**2 + 5. Suppose -b = 3*b. Let i be t(b). Let o = 4 - 2. Calculate the greatest common divisor of i and o.
1
Suppose -21 = -4*j + j. Let h(z) = 2*z**2 - 6*z - 6. Let i be h(5). Let b = 21 - i. Calculate the greatest common factor of b and j.
7
Suppose 0 = 4*x + 3*y - 5*y - 2, 0 = -x + 4*y - 17. Let d be 30/(-4*x/(-36)). What is the greatest common divisor of 36 and d?
18
Suppose -2*z - 2*o + 96 = -6*o, -o = 5*z - 196. Calculate the greatest common factor of z and 5.
5
Let f(w) = 2*w**2 - 10. Let o be f(5). Calculate the highest common factor of o and 20.
20
Let w(t) = 2*t**2 - 6*t - 5. Let r be w(-4). Calculate the highest common factor of r and 34.
17
Suppose 0 = -7*t + 11*t. Suppose 0*h + 5*h + 15 = t, 5*f + 2*h - 19 = 0. Suppose -p = -f*p + 176. What is the highest common factor of p and 4?
4
Let k(v) = v**3 - 10*v**2 - 7*v - 13. Let p be k(11). Calculate the highest common factor of 217 and p.
31
Let m = 189 - 27. Calculate the highest common divisor of 18 and m.
18
Let y be (12 - 0)*(6 + 0). Let c = 114 - y. What is the greatest common factor of 6 and c?
6
Suppose 6*v - 40 = -2*z + 4*v, -z + 22 = -v. Let y = -11 + z. Suppose 0*o + 3*o = 30. What is the greatest common factor of o and y?
10
Suppose 12 = 6*o - 2*o. Let z = 6 + o. What is the highest common factor of 9 and z?
9
Let f be 8/(14/24 - 10/30). What is the greatest common factor of f and 16?
16
Suppose 4*y - 15 - 5 = -4*a, -5*y - 25 = 0. Suppose 32 = 4*v - v + 2*x, 0 = 5*v - 2*x - 48. What is the greatest common factor of a and v?
10
Let x be (1 + (-9)/6)*-8. Let w be 3*2 - (-4 + 2). Calculate the highest common factor of w and x.
4
Let t = -2 + 8. What is the greatest common divisor of t and 6?
6
Let c = 256 + -154. Let w = 157 - c. Let p(l) = 2*l + 1. Let z be p(5). What is the greatest common factor of z and w?
11
Let q(n) = -2*n + 4. Let p be q(4). Let o = p - -4. Let z be (-1 - (0 - o))*-1. What is the highest common divisor of 1 and z?
1
Let l = -8 - -11. Let h = 5 + l. What is the greatest common factor of h and 24?
8
Let w be (102/4)/(-3)*-6. Let u(d) = -d**3 + 2*d**2 + 2*d - 5. Let g be u(-3). Calculate the highest common factor of g and w.
17
Let z(w) = -w**3 + 8*w**2 - 9*w + 3. Let h be z(6). Suppose -4*t + 12 = 4*y, 2*t + 3*y = 6*t - 12. What is the highest common divisor of h and t?
3
Suppose -k + 8 = 2*d, -2*d - 4 = k - 6*d. Let q be -1 - 12/(-3) - 2. Calculate the greatest common divisor of k and q.
1
Let y be (0 + 1)*(-3 + 11). Calculate the greatest common factor of 24 and y.
8
Let y = -36 + 69. Calculate the highest common factor of 3 and y.
3
Suppose 2*f - 4*u - 88 = 0, -5*f + 220 = 2*u - 3*u. What is the greatest common divisor of f and 4?
4
Let j = -23 - -30. What is the greatest common factor of j and 56?
7
Suppose -m = 